534987 (base 13) to base 10.
-6779377
What is -132b45 (base 13) in base 3?
-212112111202
Convert 144199 (base 14) to base 15.
dd380
35c77 (base 14) to base 7
1055110
a64255 (base 12) to base 8
11775141
Convert 111000101001001100111000 (base 2) to base 16.
e29338
Convert 10300131213 (base 4) to base 14.
246691
Convert 1010111001000100001010 (base 2) to base 8.
12710412
Convert 330401103 (base 6) to base 3.
102010021000110
1101111010111001001010 (base 2) to base 11
2072692
Convert 232302300 (base 4) to base 16.
2ecb0
Convert -158277 (base 10) to base 13.
-57072
Convert -18161e (base 16) to base 5.
-401003101
3b274 (base 15) to base 7
1416436
Convert -10023411 (base 6) to base 16.
-452bf
1a4a18 (base 14) to base 7
10642531
Convert dfec8 (base 16) to base 11.
577111
-3014412024 (base 5) to base 8
-26740715
What is 4c41b (base 16) in base 11?
1a3742
-b6192 (base 16) to base 11
-46a428
Convert -2183980 (base 10) to base 16.
-21532c
Convert 3c938 (base 15) to base 11.
123106
What is 210000121 (base 3) in base 11?
10572
Convert 1395ef (base 16) to base 14.
255ab5
What is 229b8 (base 12) in base 15?
db0e
175d0b (base 16) to base 14
2bbdd9
Convert b596a (base 14) to base 3.
211021000221
What is 2aa351 (base 14) in base 5?
340103112
Convert 1109190 (base 10) to base 2.
100001110110011000110
Convert -47a947 (base 12) to base 9.
-2156001
-1100001001010001 (base 2) to base 6
-1022145
Convert -10162241 (base 8) to base 9.
-4045031
-86a5 (base 11) to base 3
-120202112
-48a681a (base 11) to base 14
-11c0885
What is 15025dc (base 14) in base 4?
213000122212
10000111001101001100101 (base 2) to base 15
5c7ac7
-3240030 (base 5) to base 4
-31211120
22067156 (base 8) to base 2
10010000110111001101110
-112221000112 (base 3) to base 10
-293801
-20011414 (base 5) to base 15
-3183e
a4909 (base 11) to base 8
452400
Convert 1130013 (base 7) to base 3.
21012100000
Convert 11112122000110 (base 3) to base 12.
984a03
Convert 232051300 (base 6) to base 13.
b76aa4
Convert -131233001023 (base 4) to base 16.
-76f04b
Convert -3f123 (base 16) to base 15.
-51829
79725d (base 15) to base 13
127bb50
2560988 (base 10) to base 15
358c28
Convert -15300 (base 14) to base 6.
-1044032
1110011011010011 (base 2) to base 15
12796
Convert -1355707 (base 11) to base 3.
-11101122121100
-1103bad (base 14) to base 7
-125442506
-4042009 (base 10) to base 15
-54c974
What is 235b6 (base 13) in base 15?
1428c
What is 22343235 (base 6) in base 3?
1021200010112
Convert 11950 (base 15) to base 12.
28570
347188 (base 9) to base 15
41c55
-101010110010000101 (base 2) to base 9
-286337
759825 (base 10) to base 14
15ac93
Convert -100143102 (base 5) to base 8.
-1406554
What is 400a349 (base 12) in base 10?
11961705
Convert -5133552 (base 7) to base 12.
-2570a6
Convert -1101455 (base 7) to base 3.
-20212020022
Convert -46195 (base 11) to base 12.
-32787
What is 1110111010101011000010 (base 2) in base 10?
3910338
Convert 11111121000122 (base 3) to base 16.
2484ec
Convert -24105 (base 8) to base 12.
-5b71
-927518 (base 10) to base 12
-388912
Convert -a17b80 (base 15) to base 3.
-112102201002010
What is 123022220 (base 4) in base 3?
12122122012
Convert 178b66 (base 13) to base 3.
1010000100020
1710435 (base 8) to base 5
111332101
What is 19d170 (base 16) in base 11?
a56267
What is 33210203103 (base 4) in base 7?
46460340
Convert -24a93 (base 16) to base 14.
-3ca1d
b2228 (base 16) to base 3
1101001212201
-56fbe5 (base 16) to base 15
-7790db
What is 223330202 (base 4) in base 2?
101011111100100010
Convert -212033 (base 9) to base 11.
-8685a
What is -11112120102 (base 4) in base 7?
-14630406
What is 38195 (base 13) in base 16?
1947e
What is -10022142431 (base 5) in base 7?
-150436216
Convert 2ec36 (base 15) to base 10.
151251
-34434235 (base 6) to base 11
-666203
What is 12221012001 (base 3) in base 13?
411ca
3644522 (base 10) to base 3
20212011100022
What is 87a65 (base 11) in base 2?
11111001011101110
What is 120214 (base 7) in base 9?
32711
Convert 59a32 (base 11) to base 5.
10231204
7d2c8 (base 15) to base 11
252766
What is 5433205 (base 6) in base 16?
41ac5
What is 100100110001101010110011 (base 2) in base 6?
542344311
-101010101001110010101 (base 2) to base 8
-5251625
What is 110001212112 (base 3) in base 2?
111001111111111000
-132231 (base 13) to base 7
-3632130
Convert -3135627 (base 9) to base 7.
-20153554
-1100111111110111 (base 2) to base 16
-cff7
What is -4742204 (base 8) in base 13?
-364883
Convert 80eb2 (base 16) to base 11.
330806
Convert 233531 (base 8) to base 3.
11001100001
What is 51344323 (base 6) in base 11?
9188a9
3003002232 (base 4) to base 10
798894
Convert -212404060 (base 7) to base 8.
-60220675
98575 (base 16) to base 5
124431424
What is -10021212342 (base 5) in base 7?
-150346234
Convert 323805 (base 15) to base 8.
11076411
-32234550 (base 6) to base 4
-3220310202
Convert -104404204 (base 7) to base 3.
-102212021121011
Convert 15366141 (base 10) to base 15.
1537de6
What is -128b710 (base 12) in base 16?
-37fe3c
What is -3718521 (base 10) in base 13?
-a02711
Convert 6768c (base 15) to base 3.
121201002220
Convert -2513341 (base 6) to base 15.
-29bb4
Convert 1b90c (base 15) to base 3.
11120011110
Convert fcaa (base 16) to base 5.
4032212
Convert 110110100000000010 (base 2) to base 10.
223234
73d786 (base 14) to base 11
2236041
What is -12462342 (base 7) in base 10?
-1141338
Convert -106a76 (base 11) to base 3.
-22122122112
6404446 (base 7) to base 6
24334404
What is 6250ae (base 15) in base 5?
2144041124
-129bb7 (base 14) to base 12
-26b405
Convert 2443421430 (base 5) to base 7.
100441256
What is -1162432 (base 7) in base 15?
-2e597
Convert 10111000001111011 (base 2) to base 14.
2653d
What is 4088075 (base 9) in base 13?
5b61c9
213573 (base 8) to base 4
101131323
-13135516 (base 8) to base 12
-b945a6
Convert 25b9 (base 14) to base 10.
6631
What is -60078 (base 12) in base 2?
-11110011001011100
19a3c (base 14) to base 8
177146
82038b (base 14) to base 6
233514223
100021002011100 (base 3) to base 16
4b1bd5
What is 39c8166 (base 13) in base 14?
25b446d
-423657 (base 10) to base 15
-857dc
Convert -100122020020 (base 3) to base 16.
-2e50c
Convert -146809 (base 11) to base 15.
-47ad8
Convert -1ab58 (base 14) to base 4.
-100213322
101000001010011011111 (base 2) to base 15
1aee28
131321200 (base 4) to base 5
12404324
What is -242703 (base 8) in base 3?
-11020101201
12020121221 (base 3) to base 11
70630
What is -1247800 (base 9) in base 8?
-2463076
What is 15528246 (base 9) in base 14?
105c025
What is 133321121 (base 4) in base 7?
1052621
586612 (base 9) to base 12
150078
Convert 117b3a3 (base 13) to base 7.
64044006
Convert 1219852 (base 10) to base 13.
33930a
-21101010002120 (base 3) to base 9
-7333076
What is -10212121021021 (base 3) in base 13?
-5711a4
Convert -11742137 (base 8) to base 7.
-31103115
What is 417689 (base 11) in base 12?
283189
What is 2202202001 (base 3) in base 10?
54487
-19a45 (base 14) to base 5
-4041013
Convert -5069 (base 14) to base 13.
-6397
7091 (base 16) to base 11
1a718
What is 111023 (base 7) in base 11?
1377a
What is 65429 (base 10) in base 14?
19bb7
What is 1a2918 (base 13) in base 9?
1220217
1296954 (base 10) to base 6
43444230
Convert b392a (base 14) to base 16.
699e2
What is 1951c (base 16) in base 9?
167231
Convert 1100221221112 (base 3) to base 8.
2614716
8122 (base 14) to base 9
33372
-3231220210 (base 4) to base 15
-1435ed
Convert -11010010100110001 (base 2) to base 10.
-107825
-794a50 (base 11) to base 12
-510583
What is -3aa20 (base 13) in base 14?
-2bc01
Convert -abe7b (base 16) to base 7.
-5661560
Convert -213305023 (base 6) to base 12.
-1335173
What is 49b40b7 (base 12) in base 6?
1233012351
What is -20407757 (base 8) in base 12?
-154957b
12cb0b8 (base 14) to base 15
bea3ec
Convert -100100101111110110100 (base 2) to base 16.
-125fb4
-20132012 (base 4) to base 16
-8786
What is 73b679 (base 14) in base 6?
215500415
-64111363 (base 7) to base 8
-24560455
What is 1222002112101 (base 3) in base 2?
11111111001000110101
What is -349392 (base 10) in base 5?
-42140032
-100011000011110110 (base 2) to base 14
-3a498
Convert 10a7d39 (base 14) to base 2.
11110010001011000001111
-c1438 (base 14) to base 2
-1110001011010111010
-f0ae57 (base 16) to base 5
-13014221041